posite?
True
Is 2590589 a composite number?
False
Is 76833919 a composite number?
False
Is 13027723 a prime number?
True
Is 1222453711 composite?
True
Is 62347 composite?
False
Is 1644397 a prime number?
False
Is 9753409 composite?
False
Is 128359753 a composite number?
True
Is 6741997 composite?
True
Is 224271419 a composite number?
False
Is 39019933 prime?
True
Is 1720311 composite?
True
Is 6752077 prime?
False
Is 233773501 a composite number?
True
Is 10489471 prime?
False
Is 8908217 a prime number?
True
Is 337677289 prime?
True
Is 7758013 a composite number?
True
Is 2107319 a composite number?
False
Is 174697111 composite?
True
Is 62006983 a composite number?
True
Is 171684181 prime?
False
Is 9871573 a prime number?
True
Is 23606909 a composite number?
True
Is 81160777 a prime number?
True
Is 406750997 composite?
False
Is 28703309 a prime number?
False
Is 1731073 prime?
True
Is 20256781 a prime number?
False
Is 63797161 a prime number?
False
Is 263774251 prime?
False
Is 218249 prime?
True
Is 2195131 prime?
False
Is 11465777 prime?
False
Is 17895797 a prime number?
True
Is 402032731 a composite number?
False
Is 71099227 a prime number?
True
Is 29760637 prime?
True
Is 36039583 a prime number?
False
Is 14487079 a composite number?
True
Is 10928581 a prime number?
False
Is 100122961 a prime number?
True
Is 79931545 a prime number?
False
Is 1040141 prime?
True
Is 2093237 a composite number?
False
Is 132293531 a prime number?
True
Is 19101209 prime?
True
Is 768706309 a composite number?
True
Is 47205407 a prime number?
False
Is 19768579 a composite number?
False
Is 226718711 a prime number?
True
Is 1844641 composite?
False
Is 89447509 a prime number?
True
Is 27190231 a composite number?
True
Is 897477751 a composite number?
True
Is 3058051 composite?
False
Is 73141837 prime?
False
Is 756941945 a prime number?
False
Is 1516673 a composite number?
True
Is 4218463 prime?
True
Is 140759 prime?
True
Is 8497507 a prime number?
True
Is 7056097 composite?
True
Is 655683031 prime?
False
Is 33843101 prime?
True
Is 114539 composite?
True
Is 6642473 composite?
True
Is 3019333 a prime number?
True
Is 97778141 a prime number?
False
Is 255071 a composite number?
False
Is 342384737 composite?
True
Is 44946217 composite?
False
Is 4404227 composite?
True
Is 14794001 prime?
True
Is 18424534 prime?
False
Is 11105103 composite?
True
Is 265377559 prime?
False
Is 1247009 prime?
True
Is 1052797 composite?
False
Is 144626627 composite?
False
Is 10023949 a prime number?
False
Is 18829163 a prime number?
True
Is 1165151539 prime?
True
Is 11410387 prime?
False
Is 1507729 composite?
False
Is 128081 composite?
True
Is 61566749 composite?
True
Is 3372847 prime?
False
Is 9285169 a prime number?
False
Is 523747 prime?
False
Is 64068071 a prime number?
False
Is 87613907 a composite number?
False
Is 1290901 a prime number?
True
Is 2585477 prime?
True
Is 1756127 prime?
True
Is 29260222 composite?
True
Is 110749963 composite?
False
Is 21701261 composite?
False
Is 17916391 prime?
False
Is 154219649 a composite number?
False
Is 14457445 a composite number?
True
Is 74454035 a prime number?
False
Is 147319 a prime number?
True
Is 12180401 composite?
False
Is 183631541 prime?
False
Is 234881453 prime?
True
Is 6785671 prime?
True
Is 3744941 a prime number?
True
Is 6545111 prime?
True
Is 472355047 a prime number?
False
Is 5021299 a composite number?
False
Is 9108922 prime?
False
Is 5336267 a composite number?
False
Is 76849765 composite?
True
Is 1894537 a composite number?
True
Is 22368799 a prime number?
True
Is 2417885 a prime number?
False
Is 175621 a composite number?
False
Is 3097459 a composite number?
True
Is 788621 a composite number?
False
Is 166113529 a prime number?
True
Is 43757899 prime?
True
Is 7499669 a prime number?
False
Is 3375667 a prime number?
True
Is 2964479 composite?
True
Is 87649039 composite?
False
Is 11807167 a composite number?
False
Is 8012283 composite?
True
Is 8713345 composite?
True
Is 25213577 prime?
False
Is 17754049 prime?
True
Is 671179 prime?
False
Is 9947179 composite?
True
Is 5033827 a prime number?
False
Is 85145263 a prime number?
False
Is 69559771 a composite number?
False
Is 11988101 a composite number?
True
Is 37528651 a prime number?
True
Is 4576841 a composite number?
False
Is 69684281 a composite number?
False
Is 10295507 a composite number?
True
Is 31401743 composite?
False
Is 3461101 a composite number?
True
Is 55950529 prime?
True
Is 37536397 composite?
False
Is 368857 prime?
True
Is 361135 composite?
True
Is 19030451 a composite number?
True
Is 372462617 a composite number?
False
Is 379318063 a composite number?
False
Is 259883053 prime?
True
Is 5702583 a prime number?
False
Is 132366313 prime?
False
Is 11599201 prime?
True
Is 16255619 composite?
True
Is 11210159 composite?
False
Is 76998619 prime?
True
Is 11972899 a composite number?
False
Is 52585361 a prime number?
True
Is 47425541 a prime number?
True
Is 23600813 a composite number?
False
Is 1668319 a composite number?
False
Is 292571 composite?
True
Is 1670983 composite?
False
Is 31819969 composite?
False
Is 107773507 a composite number?
True
Is 1823993 composite?
False
Is 1078199 a prime number?
True
Is 16445677 a prime number?
True
Is 3582987 a composite number?
True
Is 66662683 a composite number?
False
Is 5715197 a prime number?
False
Is 513138589 a prime number?
False
Is 280050731 prime?
True
Is 15037339 composite?
False
Is 9135199 composite?
False
Is 3069757 a composite number?
False
Is 1557539 a prime number?
False
Is 6440683 a prime number?
True
Is 164051 a composite number?
False
Is 1682777 prime?
False
Is 8758135 a composite number?
True
Is 10316833 a prime number?
False
Is 7515689 a prime number?
True
Is 55037513 a composite number?
False
Is 29745347 composite?
False
Is 14418221 prime?
True
Is 1525783 a prime number?
False
Is 194371 a prime number?
True
Is 69257663 composite?
False
Is 108016715 composite?
True
Is 869521361 prime?
False
Is 177778279 a prime number?
False
Is 28581067 a composite number?
True
Is 12134677 a prime number?
True
Is 27723803 composite?
True
Is 4787203 composite?
True
Is 45365519 composite?
False
Is 4839707 prime?
False
Is 46890247 prime?
False
Is 290201 a composite number?
False
Is 12242257 a composite number?
False
Is 24251631 prime?
False
Is 10837633 a composite number?
True
Is 9053309 a composite number?
False
Is 3394333 prime?
True
Is 3804859 a prime number?
True
Is 17453047 a prime number?
True
Is 139097614 a composite number?
True
Is 125786807 a composite number?
False
Is 71403967 a prime number?
False
Is 10849219 a prime number?
False
Is 998413 composite?
True
Is 49985731 a composite number?
True
Is 63301 prime?
False
Is 18960283 a composite number?
False
Is 2429681 composite?
False
Is 3262607 a composite number?
True
Is 30559877 a prime number?
True
Is 42530777 prime?
False
Is 688829 composite?
True
Is 123646147 composite?
False
Is 119934665 a prime number?
False
Is 21176489 composite?
True
Is 33843391 composite?
True
Is 3852185 composite?
True
Is 8057839 a composite number?
True
Is 7817963 composite?
False
Is 159699409 composite?
False
Is 18875681 a prime number?
False
Is 9824119 prime?
True
Is 4786679 a prime number?
False
Is 9501257 prime?
False
Is 11303 composite?
True
Is 6317849 prime?
True
Is 37024109 composite?
True
Is 262440799 composite?
False
Is 20632313 a prime number?
False
Is 40924571 prime?
True
Is 1784359 composite?
True
Is 7976513 a prime number?
True
Is 12610327 prime?
False
Is 125434021 a composite number?
True
Is 14424233 prime?
True
Is 43166873 a prime number?
True
Is 95091442 a prime number?
False
Is 243640321 composite?
False
Is 367311859 prime?
True
Is 3511231 a prime number?
False
Is 29074303 a prime number?
True
Is 34372826 a composite number?
True
Is 54671423 composite?
False
Is 33364231 a composite number?
True
Is 2369317 composite?
True
Is 20532791 prime?
True
Is 52911193 composite?
False
Is 951131 a prime number?
True
Is 780641 a prime number?
False
Is 120635609 prime?
True
Is 10184159 prime?
False
Is 307849 a composite number?
True
Is 705583 composite?
True
Is 26671313 prime?
False
Is 195257 prime?
False
Is 25590613 composite?
False
Is 51651187 prime?
False
Is 13867493 a prime number?
True
Is 7514467 compo